{"id":321,"date":"2022-12-04T23:40:38","date_gmt":"2022-12-04T23:40:38","guid":{"rendered":"https:\/\/electricaramblas.com\/?page_id=321"},"modified":"2025-10-11T17:06:56","modified_gmt":"2025-10-11T17:06:56","slug":"quienes-somos","status":"publish","type":"page","link":"https:\/\/electricaramblas.com\/","title":{"rendered":""},"content":{"rendered":"\t\t<div data-elementor-type=\"wp-page\" data-elementor-id=\"321\" class=\"elementor elementor-321\">\n\t\t\t\t\t\t<section class=\"elementor-section elementor-top-section elementor-element elementor-element-71b1a482 elementor-section-boxed elementor-section-height-default elementor-section-height-default\" data-id=\"71b1a482\" data-element_type=\"section\" data-e-type=\"section\">\n\t\t\t\t\t\t<div class=\"elementor-container elementor-column-gap-default\">\n\t\t\t\t\t\t<\/div>\n\t\t<\/section>\n\t\t\t\t<section class=\"elementor-section elementor-top-section elementor-element elementor-element-00f2201 elementor-section-boxed elementor-section-height-default elementor-section-height-default\" data-id=\"00f2201\" data-element_type=\"section\" data-e-type=\"section\">\n\t\t\t\t\t\t<div class=\"elementor-container elementor-column-gap-default\">\n\t\t\t\t\t<div class=\"elementor-column elementor-col-100 elementor-top-column elementor-element elementor-element-7a09722\" data-id=\"7a09722\" data-element_type=\"column\" data-e-type=\"column\">\n\t\t\t<div class=\"elementor-widget-wrap elementor-element-populated\">\n\t\t\t\t\t\t<div class=\"elementor-element elementor-element-f25207d elementor-widget elementor-widget-text-editor\" data-id=\"f25207d\" data-element_type=\"widget\" data-e-type=\"widget\" data-widget_type=\"text-editor.default\">\n\t\t\t\t<div class=\"elementor-widget-container\">\n\t\t\t\t\t\t\t\t\t<p style=\"text-align: center;\"><strong><span style=\"color: #ff0000;\">ANUNCIO:<\/span><\/strong><\/p><p style=\"text-align: center;\"><strong><span style=\"color: #ff0000;\">Necesitamos incorporar un dependiente\/a a nuestro equipo<\/span><\/strong><\/p><p style=\"text-align: center;\"><strong><span style=\"color: #ff0000;\">Se valoraran experiencia en comercio y conocimientos de electricidad<\/span><\/strong><\/p><p style=\"text-align: center;\"><strong><span style=\"color: #ff0000;\">Interesados enviar curriculum<\/span><\/strong><\/p>\t\t\t\t\t\t\t\t<\/div>\n\t\t\t\t<\/div>\n\t\t\t\t\t<\/div>\n\t\t<\/div>\n\t\t\t\t\t<\/div>\n\t\t<\/section>\n\t\t\t\t<section class=\"elementor-section elementor-top-section elementor-element elementor-element-73144bb9 elementor-section-boxed elementor-section-height-default elementor-section-height-default\" data-id=\"73144bb9\" data-element_type=\"section\" data-e-type=\"section\">\n\t\t\t\t\t\t<div class=\"elementor-container elementor-column-gap-wider\">\n\t\t\t\t\t<div class=\"elementor-column elementor-col-50 elementor-top-column elementor-element elementor-element-5f840ce3\" data-id=\"5f840ce3\" data-element_type=\"column\" data-e-type=\"column\">\n\t\t\t<div class=\"elementor-widget-wrap elementor-element-populated\">\n\t\t\t\t\t\t<div class=\"elementor-element elementor-element-3fb19472 elementor-widget elementor-widget-heading\" data-id=\"3fb19472\" data-element_type=\"widget\" data-e-type=\"widget\" data-widget_type=\"heading.default\">\n\t\t\t\t<div class=\"elementor-widget-container\">\n\t\t\t\t\t<h2 class=\"elementor-heading-title elementor-size-default\">El\u00e9ctrica Ramblas<\/h2>\t\t\t\t<\/div>\n\t\t\t\t<\/div>\n\t\t\t\t<div class=\"elementor-element elementor-element-6e71f93f elementor-widget elementor-widget-text-editor\" data-id=\"6e71f93f\" data-element_type=\"widget\" data-e-type=\"widget\" data-widget_type=\"text-editor.default\">\n\t\t\t\t<div class=\"elementor-widget-container\">\n\t\t\t\t\t\t\t\t\t<p class=\"has-text-align-center\" style=\"color: rgb(122, 122, 122);\">Somos un establecimiento perteneciente al peque\u00f1o comercio, que ofrece<span style=\"font-weight: bolder;\">&nbsp;todo tipo de productos<\/span>&nbsp;desde&nbsp;<span style=\"font-weight: bolder;\">electr\u00f3nica<\/span>&nbsp;hasta&nbsp;<span style=\"font-weight: bolder;\">menaje<\/span>, adem\u00e1s de servicio de&nbsp;<span style=\"font-weight: bolder;\">instalaci\u00f3n y reparaci\u00f3n.<\/span><\/p><p style=\"color: rgb(122, 122, 122);\"><\/p><p style=\"color: rgb(122, 122, 122);\"><\/p><p class=\"has-text-align-center\" style=\"color: rgb(122, 122, 122);\">Estamos certificados como&nbsp;<span style=\"font-weight: bolder;\">tienda emblem\u00e1tica<\/span>&nbsp;ya que contamos con un largo recorrido, m\u00e1s de&nbsp;<span style=\"font-weight: bolder;\">70 a\u00f1os&nbsp;<\/span>&nbsp;haciendo lo que nos apasiona, el trato y servicio al cliente.&nbsp;<a href=\"https:\/\/www.google.es\/maps\/place\/El%C3%A9ctrica+Ramblas\/@39.5774486,2.6459101,17z\/data=!3m1!4b1!4m5!3m4!1s0x129793f636b5157d:0x2d1356f01edb0092!8m2!3d39.5774486!4d2.6480988\">\u00a1No dude en venir a conocernos!<\/a><\/p>\t\t\t\t\t\t\t\t<\/div>\n\t\t\t\t<\/div>\n\t\t\t\t<div class=\"elementor-element elementor-element-d8bd1d4 elementor-widget elementor-widget-heading\" data-id=\"d8bd1d4\" data-element_type=\"widget\" data-e-type=\"widget\" data-widget_type=\"heading.default\">\n\t\t\t\t<div class=\"elementor-widget-container\">\n\t\t\t\t\t<h2 class=\"elementor-heading-title elementor-size-medium\">\u00a1Cont\u00e1ctanos!<\/h2>\t\t\t\t<\/div>\n\t\t\t\t<\/div>\n\t\t\t\t<section class=\"elementor-section elementor-inner-section elementor-element elementor-element-56df927c elementor-section-boxed elementor-section-height-default elementor-section-height-default\" data-id=\"56df927c\" data-element_type=\"section\" data-e-type=\"section\">\n\t\t\t\t\t\t<div class=\"elementor-container elementor-column-gap-no\">\n\t\t\t\t\t<div class=\"elementor-column elementor-col-50 elementor-inner-column elementor-element elementor-element-79beaac9\" data-id=\"79beaac9\" data-element_type=\"column\" data-e-type=\"column\">\n\t\t\t<div class=\"elementor-widget-wrap elementor-element-populated\">\n\t\t\t\t\t\t<div class=\"elementor-element elementor-element-d9c0040 elementor-widget__width-initial elementor-widget elementor-widget-text-editor\" data-id=\"d9c0040\" data-element_type=\"widget\" data-e-type=\"widget\" data-widget_type=\"text-editor.default\">\n\t\t\t\t<div class=\"elementor-widget-container\">\n\t\t\t\t\t\t\t\t\t<p style=\"text-align: center;\"><b>Horario:<\/b><\/p><p style=\"text-align: center;\">Lunes a Viernes:<\/p><p style=\"text-align: center;\">de 9:30 a 19:30h.<\/p><p style=\"text-align: center;\">Sabados:<\/p><p style=\"text-align: center;\">de 10:00 a 13:30h.<\/p>\t\t\t\t\t\t\t\t<\/div>\n\t\t\t\t<\/div>\n\t\t\t\t\t<\/div>\n\t\t<\/div>\n\t\t\t\t<div class=\"elementor-column elementor-col-50 elementor-inner-column elementor-element elementor-element-17612ae2\" data-id=\"17612ae2\" data-element_type=\"column\" data-e-type=\"column\">\n\t\t\t<div class=\"elementor-widget-wrap elementor-element-populated\">\n\t\t\t\t\t\t<div class=\"elementor-element elementor-element-6a6f7097 elementor-widget__width-initial elementor-widget elementor-widget-text-editor\" data-id=\"6a6f7097\" data-element_type=\"widget\" data-e-type=\"widget\" data-widget_type=\"text-editor.default\">\n\t\t\t\t<div class=\"elementor-widget-container\">\n\t\t\t\t\t\t\t\t\t<p class=\"has-text-align-center\" style=\"text-align: center;\"><strong>Contacto:<\/strong><\/p><p class=\"has-text-align-center\" style=\"text-align: center;\">Tel\u00e9fono: +34 971 723 721<br \/>Whatsapp: +34 601 130 130<br \/><a href=\"mailto:info@electricaramblas.com\">info@electricaramblas.com<\/a><\/p><p class=\"has-text-align-center\" style=\"text-align: center;\">V\u00eda Alemania, 7\u00a0&#8211; 07003\u00a0Palma<\/p>\t\t\t\t\t\t\t\t<\/div>\n\t\t\t\t<\/div>\n\t\t\t\t\t<\/div>\n\t\t<\/div>\n\t\t\t\t\t<\/div>\n\t\t<\/section>\n\t\t\t\t\t<\/div>\n\t\t<\/div>\n\t\t\t\t<div class=\"elementor-column elementor-col-50 elementor-top-column elementor-element elementor-element-63f9553b\" data-id=\"63f9553b\" data-element_type=\"column\" data-e-type=\"column\">\n\t\t\t<div class=\"elementor-widget-wrap elementor-element-populated\">\n\t\t\t\t\t\t<div class=\"elementor-element elementor-element-214a084e elementor-widget elementor-widget-google_maps\" data-id=\"214a084e\" data-element_type=\"widget\" data-e-type=\"widget\" data-widget_type=\"google_maps.default\">\n\t\t\t\t<div class=\"elementor-widget-container\">\n\t\t\t\t\t\t\t<div class=\"elementor-custom-embed\">\n\t\t\t<iframe loading=\"lazy\"\n\t\t\t\t\tsrc=\"https:\/\/maps.google.com\/maps?q=Electrica%20Ramblas&#038;t=m&#038;z=12&#038;output=embed&#038;iwloc=near\"\n\t\t\t\t\ttitle=\"Electrica Ramblas\"\n\t\t\t\t\taria-label=\"Electrica Ramblas\"\n\t\t\t><\/iframe>\n\t\t<\/div>\n\t\t\t\t\t\t<\/div>\n\t\t\t\t<\/div>\n\t\t\t\t<div class=\"elementor-element elementor-element-1b2c0e08 elementor-icon-list--layout-inline elementor-list-item-link-full_width elementor-widget elementor-widget-icon-list\" data-id=\"1b2c0e08\" data-element_type=\"widget\" data-e-type=\"widget\" data-widget_type=\"icon-list.default\">\n\t\t\t\t<div class=\"elementor-widget-container\">\n\t\t\t\t\t\t\t<ul class=\"elementor-icon-list-items elementor-inline-items\">\n\t\t\t\t\t\t\t<li class=\"elementor-icon-list-item elementor-inline-item\">\n\t\t\t\t\t\t\t\t\t\t\t<a href=\"http:\/\/facebook.com\">\n\n\t\t\t\t\t\t\t\t\t\t\t\t<span class=\"elementor-icon-list-icon\">\n\t\t\t\t\t\t\t<i aria-hidden=\"true\" class=\"fab fa-facebook\"><\/i>\t\t\t\t\t\t<\/span>\n\t\t\t\t\t\t\t\t\t\t<span class=\"elementor-icon-list-text\"><\/span>\n\t\t\t\t\t\t\t\t\t\t\t<\/a>\n\t\t\t\t\t\t\t\t\t<\/li>\n\t\t\t\t\t\t\t\t<li class=\"elementor-icon-list-item elementor-inline-item\">\n\t\t\t\t\t\t\t\t\t\t\t<a href=\"http:\/\/twitter.com\">\n\n\t\t\t\t\t\t\t\t\t\t\t\t<span class=\"elementor-icon-list-icon\">\n\t\t\t\t\t\t\t<i aria-hidden=\"true\" class=\"fab fa-twitter\"><\/i>\t\t\t\t\t\t<\/span>\n\t\t\t\t\t\t\t\t\t\t<span class=\"elementor-icon-list-text\"><\/span>\n\t\t\t\t\t\t\t\t\t\t\t<\/a>\n\t\t\t\t\t\t\t\t\t<\/li>\n\t\t\t\t\t\t\t\t<li class=\"elementor-icon-list-item elementor-inline-item\">\n\t\t\t\t\t\t\t\t\t\t\t<a href=\"http:\/\/instagram.com\">\n\n\t\t\t\t\t\t\t\t\t\t\t\t<span class=\"elementor-icon-list-icon\">\n\t\t\t\t\t\t\t<i aria-hidden=\"true\" class=\"fab fa-instagram\"><\/i>\t\t\t\t\t\t<\/span>\n\t\t\t\t\t\t\t\t\t\t<span class=\"elementor-icon-list-text\"><\/span>\n\t\t\t\t\t\t\t\t\t\t\t<\/a>\n\t\t\t\t\t\t\t\t\t<\/li>\n\t\t\t\t\t\t\t\t<li class=\"elementor-icon-list-item elementor-inline-item\">\n\t\t\t\t\t\t\t\t\t\t\t<a href=\"http:\/\/youtube.com\">\n\n\t\t\t\t\t\t\t\t\t\t\t\t<span class=\"elementor-icon-list-icon\">\n\t\t\t\t\t\t\t<i aria-hidden=\"true\" class=\"fab fa-youtube\"><\/i>\t\t\t\t\t\t<\/span>\n\t\t\t\t\t\t\t\t\t\t<span class=\"elementor-icon-list-text\"><\/span>\n\t\t\t\t\t\t\t\t\t\t\t<\/a>\n\t\t\t\t\t\t\t\t\t<\/li>\n\t\t\t\t\t\t<\/ul>\n\t\t\t\t\t\t<\/div>\n\t\t\t\t<\/div>\n\t\t\t\t<div class=\"elementor-element elementor-element-48ea554 elementor-widget elementor-widget-image\" data-id=\"48ea554\" data-element_type=\"widget\" data-e-type=\"widget\" data-widget_type=\"image.default\">\n\t\t\t\t<div class=\"elementor-widget-container\">\n\t\t\t\t\t\t\t\t\t\t\t\t\t\t\t<img fetchpriority=\"high\" decoding=\"async\" width=\"950\" height=\"534\" src=\"https:\/\/electricaramblas.com\/wp-content\/uploads\/2022\/12\/Naranja-Negocios-Servicios-Sitio-Web-1-1-1024x576.png\" class=\"attachment-large size-large wp-image-437\" alt=\"\" srcset=\"https:\/\/electricaramblas.com\/wp-content\/uploads\/2022\/12\/Naranja-Negocios-Servicios-Sitio-Web-1-1-1024x576.png 1024w, https:\/\/electricaramblas.com\/wp-content\/uploads\/2022\/12\/Naranja-Negocios-Servicios-Sitio-Web-1-1-300x169.png 300w, https:\/\/electricaramblas.com\/wp-content\/uploads\/2022\/12\/Naranja-Negocios-Servicios-Sitio-Web-1-1-768x432.png 768w, https:\/\/electricaramblas.com\/wp-content\/uploads\/2022\/12\/Naranja-Negocios-Servicios-Sitio-Web-1-1-600x337.png 600w, https:\/\/electricaramblas.com\/wp-content\/uploads\/2022\/12\/Naranja-Negocios-Servicios-Sitio-Web-1-1-1200x675.png 1200w, https:\/\/electricaramblas.com\/wp-content\/uploads\/2022\/12\/Naranja-Negocios-Servicios-Sitio-Web-1-1.png 1366w\" sizes=\"100vw\" \/>\t\t\t\t\t\t\t\t\t\t\t\t\t\t\t<\/div>\n\t\t\t\t<\/div>\n\t\t\t\t\t<\/div>\n\t\t<\/div>\n\t\t\t\t\t<\/div>\n\t\t<\/section>\n\t\t\t\t<section class=\"elementor-section elementor-top-section elementor-element elementor-element-997d52b elementor-section-height-min-height elementor-section-content-space-evenly elementor-section-boxed elementor-section-height-default elementor-section-items-middle\" data-id=\"997d52b\" data-element_type=\"section\" data-e-type=\"section\">\n\t\t\t\t\t\t<div class=\"elementor-container elementor-column-gap-no\">\n\t\t\t\t\t<div class=\"elementor-column elementor-col-50 elementor-top-column elementor-element elementor-element-7e918d5\" data-id=\"7e918d5\" data-element_type=\"column\" data-e-type=\"column\">\n\t\t\t<div class=\"elementor-widget-wrap elementor-element-populated\">\n\t\t\t\t\t\t<div class=\"elementor-element elementor-element-7336bcb elementor-view-default elementor-widget elementor-widget-icon\" data-id=\"7336bcb\" data-element_type=\"widget\" data-e-type=\"widget\" data-widget_type=\"icon.default\">\n\t\t\t\t<div class=\"elementor-widget-container\">\n\t\t\t\t\t\t\t<div class=\"elementor-icon-wrapper\">\n\t\t\t<a class=\"elementor-icon\" href=\"https:\/\/www.instagram.com\/electricaramblas?utm_source=ig_web_button_share_sheet&#038;igsh=ZDNlZDc0MzIxNw==\">\n\t\t\t<i aria-hidden=\"true\" class=\"fab fa-instagram\"><\/i>\t\t\t<\/a>\n\t\t<\/div>\n\t\t\t\t\t\t<\/div>\n\t\t\t\t<\/div>\n\t\t\t\t\t<\/div>\n\t\t<\/div>\n\t\t\t\t<div class=\"elementor-column elementor-col-50 elementor-top-column elementor-element elementor-element-61b725e\" data-id=\"61b725e\" data-element_type=\"column\" data-e-type=\"column\">\n\t\t\t<div class=\"elementor-widget-wrap elementor-element-populated\">\n\t\t\t\t\t\t<div class=\"elementor-element elementor-element-f83f3a6 elementor-view-default elementor-widget elementor-widget-icon\" data-id=\"f83f3a6\" data-element_type=\"widget\" data-e-type=\"widget\" data-widget_type=\"icon.default\">\n\t\t\t\t<div class=\"elementor-widget-container\">\n\t\t\t\t\t\t\t<div class=\"elementor-icon-wrapper\">\n\t\t\t<a class=\"elementor-icon\" href=\"https:\/\/www.facebook.com\/profile.php?id=100063608378502\">\n\t\t\t<i aria-hidden=\"true\" class=\"fab fa-facebook-square\"><\/i>\t\t\t<\/a>\n\t\t<\/div>\n\t\t\t\t\t\t<\/div>\n\t\t\t\t<\/div>\n\t\t\t\t\t<\/div>\n\t\t<\/div>\n\t\t\t\t\t<\/div>\n\t\t<\/section>\n\t\t\t\t<section class=\"elementor-section elementor-top-section elementor-element elementor-element-11cd7061 elementor-section-boxed elementor-section-height-default elementor-section-height-default\" data-id=\"11cd7061\" data-element_type=\"section\" data-e-type=\"section\">\n\t\t\t\t\t\t<div class=\"elementor-container elementor-column-gap-default\">\n\t\t\t\t\t\t<\/div>\n\t\t<\/section>\n\t\t\t\t<section class=\"elementor-section elementor-top-section elementor-element elementor-element-cbee135 elementor-section-boxed elementor-section-height-default elementor-section-height-default\" data-id=\"cbee135\" data-element_type=\"section\" data-e-type=\"section\">\n\t\t\t\t\t\t<div class=\"elementor-container elementor-column-gap-default\">\n\t\t\t\t\t<div class=\"elementor-column elementor-col-100 elementor-top-column elementor-element elementor-element-57aa204\" data-id=\"57aa204\" data-element_type=\"column\" data-e-type=\"column\">\n\t\t\t<div class=\"elementor-widget-wrap elementor-element-populated\">\n\t\t\t\t\t\t<div class=\"elementor-element elementor-element-28747b6 elementor-widget elementor-widget-spacer\" data-id=\"28747b6\" data-element_type=\"widget\" data-e-type=\"widget\" data-widget_type=\"spacer.default\">\n\t\t\t\t<div class=\"elementor-widget-container\">\n\t\t\t\t\t\t\t<div class=\"elementor-spacer\">\n\t\t\t<div class=\"elementor-spacer-inner\"><\/div>\n\t\t<\/div>\n\t\t\t\t\t\t<\/div>\n\t\t\t\t<\/div>\n\t\t\t\t\t<\/div>\n\t\t<\/div>\n\t\t\t\t\t<\/div>\n\t\t<\/section>\n\t\t\t\t<\/div>\n\t\t","protected":false},"excerpt":{"rendered":"<p>ANUNCIO: Necesitamos incorporar un dependiente\/a a nuestro equipo Se valoraran experiencia en comercio y conocimientos de electricidad Interesados enviar curriculum El\u00e9ctrica Ramblas Somos un establecimiento perteneciente al peque\u00f1o comercio, que ofrece&nbsp;todo tipo de productos&nbsp;desde&nbsp;electr\u00f3nica&nbsp;hasta&nbsp;menaje, adem\u00e1s de servicio de&nbsp;instalaci\u00f3n y reparaci\u00f3n. Estamos certificados como&nbsp;tienda emblem\u00e1tica&nbsp;ya que contamos con un largo recorrido, m\u00e1s de&nbsp;70 a\u00f1os&nbsp;&nbsp;haciendo lo que &hellip; <\/p>\n<p class=\"link-more\"><a href=\"https:\/\/electricaramblas.com\/\" class=\"more-link\">Leer m\u00e1s<span class=\"screen-reader-text\"> \u00ab\u00bb<\/span><\/a><\/p>\n","protected":false},"author":1,"featured_media":299,"parent":0,"menu_order":0,"comment_status":"closed","ping_status":"closed","template":"","meta":{"footnotes":""},"class_list":["post-321","page","type-page","status-publish","has-post-thumbnail","hentry"],"featured_media_urls":{"thumbnail":["https:\/\/electricaramblas.com\/wp-content\/uploads\/2022\/12\/Captura-de-Pantalla-2022-12-03-a-las-23.59.17-150x150.png",150,150,true],"medium":["https:\/\/electricaramblas.com\/wp-content\/uploads\/2022\/12\/Captura-de-Pantalla-2022-12-03-a-las-23.59.17-300x216.png",300,216,true],"medium_large":["https:\/\/electricaramblas.com\/wp-content\/uploads\/2022\/12\/Captura-de-Pantalla-2022-12-03-a-las-23.59.17-768x552.png",768,552,true],"large":["https:\/\/electricaramblas.com\/wp-content\/uploads\/2022\/12\/Captura-de-Pantalla-2022-12-03-a-las-23.59.17-1024x736.png",950,683,true],"1536x1536":["https:\/\/electricaramblas.com\/wp-content\/uploads\/2022\/12\/Captura-de-Pantalla-2022-12-03-a-las-23.59.17.png",1172,842,false],"2048x2048":["https:\/\/electricaramblas.com\/wp-content\/uploads\/2022\/12\/Captura-de-Pantalla-2022-12-03-a-las-23.59.17.png",1172,842,false],"inspiro-featured-image":["https:\/\/electricaramblas.com\/wp-content\/uploads\/2022\/12\/Captura-de-Pantalla-2022-12-03-a-las-23.59.17.png",1172,842,false],"inspiro-loop":["https:\/\/electricaramblas.com\/wp-content\/uploads\/2022\/12\/Captura-de-Pantalla-2022-12-03-a-las-23.59.17-950x320.png",950,320,true],"inspiro-loop@2x":["https:\/\/electricaramblas.com\/wp-content\/uploads\/2022\/12\/Captura-de-Pantalla-2022-12-03-a-las-23.59.17-1172x640.png",1172,640,true],"portfolio_item-thumbnail":["https:\/\/electricaramblas.com\/wp-content\/uploads\/2022\/12\/Captura-de-Pantalla-2022-12-03-a-las-23.59.17-600x400.png",600,400,true],"portfolio_item-thumbnail@2x":["https:\/\/electricaramblas.com\/wp-content\/uploads\/2022\/12\/Captura-de-Pantalla-2022-12-03-a-las-23.59.17-1172x800.png",1172,800,true],"portfolio_item-masonry":["https:\/\/electricaramblas.com\/wp-content\/uploads\/2022\/12\/Captura-de-Pantalla-2022-12-03-a-las-23.59.17-600x431.png",600,431,true],"portfolio_item-masonry@2x":["https:\/\/electricaramblas.com\/wp-content\/uploads\/2022\/12\/Captura-de-Pantalla-2022-12-03-a-las-23.59.17.png",1172,842,false],"portfolio_item-thumbnail_cinema":["https:\/\/electricaramblas.com\/wp-content\/uploads\/2022\/12\/Captura-de-Pantalla-2022-12-03-a-las-23.59.17-800x335.png",800,335,true],"portfolio_item-thumbnail_portrait":["https:\/\/electricaramblas.com\/wp-content\/uploads\/2022\/12\/Captura-de-Pantalla-2022-12-03-a-las-23.59.17-600x842.png",600,842,true],"portfolio_item-thumbnail_portrait@2x":["https:\/\/electricaramblas.com\/wp-content\/uploads\/2022\/12\/Captura-de-Pantalla-2022-12-03-a-las-23.59.17.png",1172,842,false],"portfolio_item-thumbnail_square":["https:\/\/electricaramblas.com\/wp-content\/uploads\/2022\/12\/Captura-de-Pantalla-2022-12-03-a-las-23.59.17-800x800.png",800,800,true]},"_links":{"self":[{"href":"https:\/\/electricaramblas.com\/index.php\/wp-json\/wp\/v2\/pages\/321","targetHints":{"allow":["GET"]}}],"collection":[{"href":"https:\/\/electricaramblas.com\/index.php\/wp-json\/wp\/v2\/pages"}],"about":[{"href":"https:\/\/electricaramblas.com\/index.php\/wp-json\/wp\/v2\/types\/page"}],"author":[{"embeddable":true,"href":"https:\/\/electricaramblas.com\/index.php\/wp-json\/wp\/v2\/users\/1"}],"replies":[{"embeddable":true,"href":"https:\/\/electricaramblas.com\/index.php\/wp-json\/wp\/v2\/comments?post=321"}],"version-history":[{"count":107,"href":"https:\/\/electricaramblas.com\/index.php\/wp-json\/wp\/v2\/pages\/321\/revisions"}],"predecessor-version":[{"id":669,"href":"https:\/\/electricaramblas.com\/index.php\/wp-json\/wp\/v2\/pages\/321\/revisions\/669"}],"wp:featuredmedia":[{"embeddable":true,"href":"https:\/\/electricaramblas.com\/index.php\/wp-json\/wp\/v2\/media\/299"}],"wp:attachment":[{"href":"https:\/\/electricaramblas.com\/index.php\/wp-json\/wp\/v2\/media?parent=321"}],"curies":[{"name":"wp","href":"https:\/\/api.w.org\/{rel}","templated":true}]}}